y) = 2*y**3 + 34*y**2 + 23*y + 1061. Calculate o(-18).
-1
Let i(u) = -101*u - 1320. Calculate i(-12).
-108
Let a(w) = 2058*w + 96730. Calculate a(-47).
4
Let c(g) = -63*g - 189. Calculate c(-3).
0
Let p(k) = 5*k**2 - 36*k + 2. Determine p(7).
-5
Let n(m) = 48*m - 135. Give n(3).
9
Let n(y) = y**2 + 1009*y + 5017. What is n(-5)?
-3
Let z(q) = q**3 + 55*q**2 - q - 52. Calculate z(-55).
3
Let v(l) = -158*l - 8. Calculate v(0).
-8
Let r(y) = 14*y**2 + 105*y - 11. Give r(-8).
45
Let b(w) = 4*w**2 + 34*w - 1010. Determine b(20).
1270
Let p(u) = -11*u**3 + 2*u**2 + 118*u - 118. Calculate p(1).
-9
Let r(s) = -53*s + 1002. Calculate r(19).
-5
Let j(z) = -46*z + 976. Give j(19).
102
Let q(w) = -27*w**2 - 138*w - 31. Determine q(-5).
-16
Let t(b) = 7*b - 166. Calculate t(26).
16
Let f(r) = -3*r**2 - 54*r + 78. Determine f(-18).
78
Let b(t) = 808*t - 29874. Give b(37).
22
Let p(n) = -176*n + 7216. Give p(41).
0
Let v(i) = i**2 - 22*i + 84. Calculate v(18).
12
Let t(x) = 3*x**3 - 73*x**2 + 153*x + 22. Give t(22).
0
Let k(l) = -29*l**2 - 131*l + 5. What is k(-5)?
-65
Let k(h) = -274*h - 6643. What is k(-24)?
-67
Let w(m) = 3*m**2 + 200*m + 3258. Give w(-38).
-10
Let f(k) = -28*k**2 + 68*k - 134. Calculate f(2).
-110
Let b(x) = -19*x + 58. Calculate b(1).
39
Let w(j) = 262*j**3 - 9*j**2 + 6*j + 1. Calculate w(1).
260
Let m(k) = 3*k**2 + 41*k + 21. Determine m(-18).
255
Let x(g) = -387*g - 1224. Determine x(-3).
-63
Let v(a) = -a**3 - 83*a**2 + 173*a - 7. Calculate v(2).
-1
Let q(t) = -t**3 + 11*t**2 + 180*t - 8. What is q(20)?
-8
Let m(w) = w**3 + 67*w**2 - 137*w + 3. What is m(-69)?
-66
Let y(z) = 75*z - 545. Calculate y(13).
430
Let y(g) = 637*g - 5120. Determine y(8).
-24
Let w(r) = 237*r + 2121. What is w(-9)?
-12
Let f(q) = -q**2 - 522*q - 28. Give f(0).
-28
Let g(z) = z**3 - z**2 + 279*z + 1530. Determine g(-5).
-15
Let r(v) = 35*v**3 + 419*v**2 - 7*v - 7. Determine r(-12).
-67
Let u(s) = 14*s**2 + 237*s + 190. What is u(-16)?
-18
Let t(f) = -257*f - 4631. What is t(-18)?
-5
Let w(j) = 17*j**2 + 1346*j + 231. Give w(-79).
-6
Let y(x) = 91*x - 1109. Calculate y(21).
802
Let z(f) = -9*f + 172. Calculate z(27).
-71
Let m(h) = 20*h - 21. What is m(2)?
19
Let c(g) = 44*g + 136. Determine c(8).
488
Let f(b) = -2*b**2 + 208*b - 5341. Calculate f(47).
17
Let m(z) = -3*z**2 + 184*z - 116. Calculate m(61).
-55
Let f(x) = 19*x**2 - 335*x + 207. Determine f(17).
3
Let v(k) = -k**2 + 822*k - 3267. Give v(4).
5
Let w(q) = q**2 + 7*q + 53. Calculate w(-12).
113
Let x(g) = -g**2 + 105*g - 1275. Give x(14).
-1
Let a(j) = 1190*j + 1062. Calculate a(-1).
-128
Let k(m) = -1754*m - 1732. Determine k(-1).
22
Let r(y) = -y**2 - 15*y + 35. Determine r(-15).
35
Let p(q) = -q**3 + 18*q**2 + 39*q + 13. Give p(20).
-7
Let m(g) = 40*g - 207. Determine m(5).
-7
Let r(h) = -26*h**2 - 309*h + 58. Determine r(-12).
22
Let i(w) = w**3 + 116*w**2 + 2879*w - 35. What is i(-80)?
45
Let j(f) = -5*f**2 - 193*f + 43. What is j(-39)?
-35
Let h(a) = 24*a + 89. Give h(0).
89
Let k(o) = -o**2 - 31*o + 38. Calculate k(-31).
38
Let o(m) = -m**3 - 38*m**2 - 3*m - 13. Calculate o(-38).
101
Let j(g) = 101*g + 749. Determine j(-13).
-564
Let l(k) = -8*k + 358. What is l(52)?
-58
Let n(p) = 420*p + 20993. Determine n(-50).
-7
Let b(i) = 6*i**2 - 166*i - 560. What is b(-3)?
-8
Let u(g) = 8*g + 78. Give u(21).
246
Let m(s) = s**3 - 12*s**2 - 48*s + 260. Give m(14).
-20
Let w(g) = -11*g - 1273. Calculate w(-35).
-888
Let r(t) = -72*t**2 - 872*t - 8. What is r(-12)?
88
Let k(p) = -46*p + 176. Calculate k(4).
-8
Let n(v) = -2*v**2 + 52*v + 43. Give n(28).
-69
Let l(j) = -2*j**2 - 302*j - 11407. What is l(-76)?
-7
Let m(y) = 7863*y + 7872. Calculate m(-1).
9
Let a(l) = -3*l**2 - 55*l - 275. Give a(-5).
-75
Let h(q) = 18*q - 935. What is h(53)?
19
Let z(w) = 4*w**3 + 177*w**2 - 134*w - 66. What is z(-45)?
-111
Let c(d) = d**3 - 44*d**2 + 2*d - 54. Give c(44).
34
Let r(h) = -56*h**2 - 2911*h + 41. Determine r(-52).
-11
Let i(l) = l**3 + 113*l**2 + 114*l + 182. Determine i(-112).
-42
Let z(t) = t**3 - 4*t**2 + 4*t + 19. Calculate z(0).
19
Let y(b) = -b**3 - 100*b**2 - 1344*b - 12. Calculate y(-84).
-12
Let x(o) = o**3 + 23*o**2 + 63*o + 48. Calculate x(-20).
-12
Let c(p) = 9*p**2 - 6*p - 4. Calculate c(3).
59
Let n(z) = -z**3 + z**2 - 443*z + 1351. What is n(3)?
4
Let n(s) = -50*s + 455. What is n(9)?
5
Let q(g) = 14*g - 113. Calculate q(11).
41
Let m(j) = -1174*j - 25738. Give m(-22).
90
Let q(z) = 18*z**2 - z + 2. Give q(2).
72
Let b(q) = q**3 - 17*q**2 + 63*q - 2. Calculate b(4).
42
Let j(w) = -46*w - 79. What is j(-2)?
13
Let x(f) = -15*f - 145. Determine x(-7).
-40
Let a(f) = -f**3 + 7*f**2 + 446*f - 1835. Determine a(4).
-3
Let a(z) = -z**2 + 53*z - 309. Determine a(6).
-27
Let w(s) = -20*s - 168. Calculate w(-7).
-28
Let x(r) = -37*r + 49. What is x(3)?
-62
Let a(y) = 249*y - 3548. Calculate a(14).
-62
Let u(s) = -20*s + 51. What is u(-6)?
171
Let b(p) = -2*p**3 - p**2 + 2*p - 60. What is b(-4)?
44
Let g(q) = q**2 + 6313*q - 101264. What is g(16)?
0
Let d(p) = p**2 + 340*p + 677. What is d(-2)?
1
Let i(s) = -s**2 - 57*s - 853. Determine i(-39).
-151
Let l(v) = -7*v + 75. Give l(12).
-9
Let x(z) = 5*z**3 + 229*z**2 - 47*z - 47. Calculate x(-46).
-1
Let s(j) = 4*j**2 - 281*j + 1301. Determine s(5).
-4
Let j(r) = 2*r**2 + 259*r - 394. What is j(-131)?
-1
Let l(n) = n**3 - n**2 - 33*n - 21. Determine l(-5).
-6
Let w(a) = 3*a**3 + 9*a**2 - 27*a - 6. Give w(-7).
-405
Let z(i) = -178*i - 4460. Calculate z(-25).
-10
Let v(u) = -14*u - 263. Determine v(18).
-515
Let f(m) = 2*m**2 - 17*m - 44. Give f(11).
11
Let l(h) = 3*h**3 + 24*h**2 - 21*h + 54. Determine l(-9).
0
Let w(c) = -7*c**2 - 67*c + 162. Determine w(2).
0
Let g(a) = a**3 + 15*a**2 + 18*a + 625. What is g(-16)?
81
Let y(j) = -j**3 + 38*j**2 - 124*j + 3223. Determine y(37).
4
Let h(k) = k**3 - 3*k**2 - 17*k + 48. Determine h(4).
-4
Let a(b) = -3*b**2 + 781*b + 7270. What is a(-9)?
-2
Let g(f) = 71*f**3 + 287*f**2 + 4*f + 27. Determine g(-4).
59
Let v(g) = 9*g**3 + 65*g**2 - 51*g + 63. Give v(-8).
23
Let z(g) = -292*g - 4926. Determine z(-17).
38
Let r(a) = -5*a**2 + 791*a + 4074. Calculate r(-5).
-6
Let z(m) = 152*m - 158. Give z(2).
146
Let x(p) = -2*p**3 - 12*p**2 + 13*p - 123. Give x(-8).
29
Let v(c) = 13*c + 56. Determine v(-11).
-87
Let p(y) = -52*y + 212. What is p(5)?
-48
Let s(j) = j**3 - 24*j**2 - 23*j - 44. Determine s(25).
6
Let g(z) = 2*z**3 + 28*z**2 + 95*z - 18. Determine g(-8).
-10
Let w(n) = n**2 - 70*n + 592. Give w(10).
-8
Let d(t) = 7*t**3 + 197*t**2 + 28*t - 3. What is d(-28)?
-3
Let n(v) = -3374*v + 38. What is n(0)?
38
Let x(n) = 22*n**2 - 662*n - 36. Calculate x(30).
-96
Let i(t) = t**3 - 12*t**2 - 15*t + 14. What is i(13)?
-12
Let h(x) = 125*x + 920. Give h(-7).
45
Let f(d) = 103*d - 12723. Calculate f(123).
-54
Let a(m) = -2099*m + 4352. Calculate a(2).
154
Let x(d) = 4*d**3 + d**2 - 62*d + 6. Give x(4).
30
Let c(p) = -p**3 - 63*p**2 - 248*p - 683. Give c(-59).
25
Let x(j) = -68*j**2 + 81*j + 8. Determine x(1).
21
Let a(v) = 43*v + 257. Give a(9).
644
Let h(n) = -3*n**2 + 53*n + 4. Calculate h(18).
-14
Let q(t) = 2*t**3 - 374*t**2 - 389*t + 2444. What is q(188)?
0
Let f(x) = -270*x + 543. Calculate f(2).
3
Let y(i) = 18*i**3 + 2*i**2 - 2*i + 12. Calculate y(3).
510
Let s(k) = k**3 + 12*k**2 + 6*k - 13. Determine s(-7).
190
Let o(g) = g**3 + 30*g**2 + 193*g + 95. What is o(-21)?
11
Let r(m) = 6*m**2 - 74*m + 16. Give r(11).
-72
Let z(j) = -97*j + 224. Give z(4).
-164
Let n(v) = 9*v**2 - 6*v. What is n(6)?
288
Let l(c) = 14*c**2 + 225*c - 3. Give l(-16).
-19
Let z(t) = 20*t. What is z(6)?
120
Let t(j) = -32*j**2 - 20*j + 73. Calculate t(4).
-519
Let s(p) = 77*p - 518. What is s(3)?
-287
Let r(l) = l**2 - 20*l - 3145. Calculate r(67).
4
Let i(u) = 2*u**3 + 12*u**2 - 6*u + 15. Determine i(2).
67
Let t(o) = o**3 + 10*o**2 - 420*o - 4470. Determine t(-11).
29
Let b(j) = -6*j**2 + 137*j - 109. Calculate b(22).
1
Let v(f) = f**3 + 53*f**2 + 150*f + 5. Give v(-3).
5
Let y(s) = -285*s + 32447. What is y(114)?
-43
Let w(k) = k**2 + 47*k + 362. Give w(-38).
20
Let j(g) = 2*g**3 - 24*g**2 - 2*g + 70. Give j(12).
46
Let t(h) = 12*h**2 + 281*h - 148. Calculate t(-24).
20
Let l(h) = -3*h**3 - 35*h**2 - 51*h - 2. Determine l(-2).
-16
Let a(u